{"id":4283,"date":"2016-09-22T16:18:49","date_gmt":"2016-09-22T14:18:49","guid":{"rendered":"https:\/\/www.oeffentlichkeitsgesetz.ch\/francais\/?page_id=4283"},"modified":"2025-09-11T13:40:15","modified_gmt":"2025-09-11T11:40:15","slug":"statuts-de-lassociation-loitransparence-ch","status":"publish","type":"page","link":"https:\/\/www.oeffentlichkeitsgesetz.ch\/francais\/statuts-de-lassociation-loitransparence-ch\/","title":{"rendered":"Statuts de l\u2019association Loitransparence.ch"},"content":{"rendered":"<p><strong>Art. 1 Nom<\/strong><\/p>\n<p>Sous la d\u00e9nomination Loitransparence.ch est constitu\u00e9e une association au sens des articles 60 \u00e0 79 du Code civil suisse, dont le si\u00e8ge est sis \u00e0 Berne. Elle est ind\u00e9pendante de tout parti politique et de toute confession.<\/p>\n<p><strong>Art. 2 Objet<\/strong><\/p>\n<p>L\u2019Association a pour objet de cr\u00e9er et de g\u00e9rer la plate-forme Internet Loitransparence.ch en fran\u00e7ais, en allemand et en anglais. Elle vise ainsi \u00e0 promouvoir l\u2019utilisation de la loi sur la transparence et \u00e0 en faire un outil de travail pratique pour les journalistes et autres acteurs int\u00e9ress\u00e9s.<\/p>\n<p>L\u2019Association transmet un savoir-faire et assiste, dans la mesure du possible, les journalistes et autres personnes int\u00e9ress\u00e9es dans leurs projets.<\/p>\n<p>L\u2019Association ne poursuit aucun but lucratif et ne recherche notamment pas \u00e0 r\u00e9aliser des b\u00e9n\u00e9fices. Sa vocation est exclusivement d\u2019utilit\u00e9 publique.<\/p>\n<p><strong>Art 3. Adh\u00e9sion<\/strong><\/p>\n<p>L\u2019Association est compos\u00e9e de membres actifs, de membres passifs et de membres donateurs. Les membres actifs de l\u2019Association sont les membres du comit\u00e9 de direction et les employ\u00e9s du secr\u00e9tariat. Toute personne ayant un int\u00e9r\u00eat l\u00e9gitime \u00e0 l\u2019acc\u00e8s du public aux documents de l\u2019administration, en particulier les journalistes et autres personnes int\u00e9ress\u00e9es \u00e9voluant dans les domaines de l\u2019enseignement, de la recherche et de la documentation, peut devenir un membre passif ou un membre donateur de l\u2019Association. Les membres passifs et les membres donateurs ne disposent d\u2019aucun droit de vote. Les personnes morales peuvent devenir uniquement membres donateurs.<\/p>\n<p>Tous les membres sont tenus d\u2019approuver les statuts de l\u2019Association, de promouvoir son objet et de respecter les directives du comit\u00e9 de direction et les d\u00e9cisions prises par l\u2019assembl\u00e9e des membres.<\/p>\n<p>Le comit\u00e9 de direction d\u00e9cide de l\u2019admission des nouveaux membres par voie de r\u00e9solution. Il peut la refuser pour des motifs concrets, notamment si elle va \u00e0 l\u2019encontre de l\u2019objet de l\u2019Association.<\/p>\n<p>Un membre peut \u00e0 tout moment d\u00e9missionner de l\u2019Association en adressant une lettre en ce sens au comit\u00e9 de direction. Sur demande du comit\u00e9 de direction, un membre peut \u00eatre exclu sans indication de motifs suite \u00e0 une r\u00e9solution adopt\u00e9e \u00e0 la majorit\u00e9 des deux tiers de l\u2019assembl\u00e9e g\u00e9n\u00e9rale.<\/p>\n<p><strong>Art. 4 Moyens<\/strong><\/p>\n<p>Les sources de revenus de l\u2019Association peuvent consister en:<\/p>\n<ul>\n<li>des dons et des contributions<\/li>\n<li>des contributions de sponsors<\/li>\n<li>des cotisations des membres<\/li>\n<\/ul>\n<p>&nbsp;<\/p>\n<p>Les organes de l\u2019Association sont:<\/p>\n<ul>\n<li>l\u2019assembl\u00e9e des membres<\/li>\n<li>le comit\u00e9 de direction<\/li>\n<li>la pr\u00e9sidence<\/li>\n<\/ul>\n<p><strong>Art. 5 Organisation<\/strong><\/p>\n<p>Les organes de l\u2019Association exercent \u00e0 titre b\u00e9n\u00e9vole et n\u2019ont fondamentalement droit qu\u2019\u00e0 l\u2019indemnisation de leurs frais effectifs et d\u00e9penses courantes.<\/p>\n<p><strong>Art. 6 Assembl\u00e9e des membres<\/strong><\/p>\n<p>L\u2019assembl\u00e9e des membres se r\u00e9unit au moins une fois par an. La convocation d\u2019une assembl\u00e9e extraordinaire des membres peut \u00eatre exig\u00e9e par le comit\u00e9 de direction ou 1\/5 des membres, tout en indiquant le but de ladite convocation. Cette derni\u00e8re doit \u00eatre adress\u00e9e par \u00e9crit, avec mention des points \u00e0 l\u2019ordre du jour. Un proc\u00e8s-verbal est ensuite r\u00e9dig\u00e9.<\/p>\n<p><strong>Art. 7 R\u00f4les<\/strong><\/p>\n<p>Les r\u00f4les suivants incombent \u00e0 l\u2019assembl\u00e9e des membres:<\/p>\n<ul>\n<li>Elle se prononce sur les comp\u00e9tences du comit\u00e9 de direction<\/li>\n<li>Elle \u00e9lit le comit\u00e9 de direction<\/li>\n<li>Elle prend acte de la gestion des activit\u00e9s et des comptes annuels et donne quitus aux organes de l\u2019Association<\/li>\n<li>Elle r\u00e9git les d\u00e9l\u00e9gations de signature<\/li>\n<li>Elle d\u00e9cide des amendements des statuts<\/li>\n<li>Elle vote les motions et propositions soumises par le comit\u00e9 de direction<\/li>\n<li>Elle fixe les \u00e9ventuelles cotisations des membres<\/li>\n<li>Elle d\u00e9lib\u00e8re sur les exclusions de membres \u00e0 la majorit\u00e9 des deux tiers<\/li>\n<\/ul>\n<p><strong>Art. 8 Comit\u00e9 de direction<\/strong><\/p>\n<p>Le comit\u00e9 de direction g\u00e8re les affaires courantes et repr\u00e9sente l\u2019Association aupr\u00e8s des tiers. Il a qualit\u00e9 pour d\u00e9l\u00e9guer \u00e0 la pr\u00e9sidence les affaires courantes urgentes. Son mandat est de deux ans. Il est renouvelable. Le comit\u00e9 de direction est compos\u00e9 de neuf membres tout au plus. La pr\u00e9sidence se charge des affaires courantes transmises par le comit\u00e9 de direction et pr\u00e9side les assembl\u00e9es. La pr\u00e9sidence est tenue de rendre compte de ses activit\u00e9s aupr\u00e8s du comit\u00e9 de direction et de l\u2019assembl\u00e9e g\u00e9n\u00e9rale. Le comit\u00e9 de direction se constitue lui-m\u00eame.<\/p>\n<p><strong>Art. 9 Responsabilit\u00e9<\/strong><\/p>\n<p>Les obligations de l\u2019Association sont garanties exclusivement par l\u2019actif social de l\u2019Association.<\/p>\n<p><strong>Art. 10 Dissolution<\/strong><\/p>\n<p>La dissolution de l\u2019Association peut \u00eatre prononc\u00e9e par r\u00e9solution d\u2019une assembl\u00e9e extraordinaire des membres, convoqu\u00e9e \u00e0 cette fin, \u00e0 une majorit\u00e9 des 2\/3 des membres pr\u00e9sents. L\u2019actif social doit \u00eatre c\u00e9d\u00e9 \u00e0 une organisation d\u2019utilit\u00e9 publique.<\/p>\n<p><strong>Art. 11 Utilit\u00e9 publique<\/strong><\/p>\n<p>L\u2019Association est d\u2019utilit\u00e9 publique. Une fusion n\u2019est possible qu\u2019avec une autre entit\u00e9 morale \u00e0 but non lucratif ou d\u2019utilit\u00e9 publique et, ainsi, non assujettie \u00e0 l\u2019imp\u00f4t, dont le si\u00e8ge est sis en Suisse. En cas de dissolution, le b\u00e9n\u00e9fice et le capital de l\u2019Association sont vers\u00e9s \u00e0 une autre entit\u00e9 morale \u00e0 but non lucratif ou d\u2019utilit\u00e9 publique, et donc non assujettie \u00e0 l\u2019imp\u00f4t, dont le si\u00e8ge est sis en Suisse.<\/p>\n<p>Berne, le 11 septembre 2025<\/p>\n<p><em>Hansj\u00fcrg Zumstein, Titus Plattner, Bastien von Wyss, Tina Berg, Diarra Diaw, Lukas M\u00e4der, Florence Vuichard<\/em><\/p>\n<p>&nbsp;<\/p>\n","protected":false},"excerpt":{"rendered":"<p>Art. 1 Nom Sous la d\u00e9nomination Loitransparence.ch est constitu\u00e9e une association au sens des articles 60 \u00e0 79 du Code civil suisse, dont le si\u00e8ge est sis \u00e0 Berne. Elle est ind\u00e9pendante de tout parti politique et de toute confession. Art. 2 Objet L\u2019Association a pour objet de cr\u00e9er et de g\u00e9rer la plate-forme Internet [&hellip;]<\/p>\n","protected":false},"author":12,"featured_media":0,"parent":0,"menu_order":0,"comment_status":"closed","ping_status":"closed","template":"","meta":{"footnotes":""},"class_list":["post-4283","page","type-page","status-publish","hentry"],"_links":{"self":[{"href":"https:\/\/www.oeffentlichkeitsgesetz.ch\/francais\/wp-json\/wp\/v2\/pages\/4283","targetHints":{"allow":["GET"]}}],"collection":[{"href":"https:\/\/www.oeffentlichkeitsgesetz.ch\/francais\/wp-json\/wp\/v2\/pages"}],"about":[{"href":"https:\/\/www.oeffentlichkeitsgesetz.ch\/francais\/wp-json\/wp\/v2\/types\/page"}],"author":[{"embeddable":true,"href":"https:\/\/www.oeffentlichkeitsgesetz.ch\/francais\/wp-json\/wp\/v2\/users\/12"}],"replies":[{"embeddable":true,"href":"https:\/\/www.oeffentlichkeitsgesetz.ch\/francais\/wp-json\/wp\/v2\/comments?post=4283"}],"version-history":[{"count":3,"href":"https:\/\/www.oeffentlichkeitsgesetz.ch\/francais\/wp-json\/wp\/v2\/pages\/4283\/revisions"}],"predecessor-version":[{"id":8988,"href":"https:\/\/www.oeffentlichkeitsgesetz.ch\/francais\/wp-json\/wp\/v2\/pages\/4283\/revisions\/8988"}],"wp:attachment":[{"href":"https:\/\/www.oeffentlichkeitsgesetz.ch\/francais\/wp-json\/wp\/v2\/media?parent=4283"}],"curies":[{"name":"wp","href":"https:\/\/api.w.org\/{rel}","templated":true}]}}