{"id":2686,"date":"2012-05-25T12:21:50","date_gmt":"2012-05-25T11:21:50","guid":{"rendered":"https:\/\/www.oeffentlichkeitsgesetz.ch\/francais\/?page_id=2686"},"modified":"2012-05-25T12:36:28","modified_gmt":"2012-05-25T11:36:28","slug":"les-premieres-applications-suisses","status":"publish","type":"page","link":"https:\/\/www.oeffentlichkeitsgesetz.ch\/francais\/les-premieres-applications-suisses\/","title":{"rendered":"Les premi\u00e8res applications suisses"},"content":{"rendered":"<p><strong>Les journ\u00e9es makeopendata.ch ont d\u00e9j\u00e0 livr\u00e9 quelques outils grand public. S\u00e9lection.<\/strong><\/p>\n<p><a href=\"http:\/\/opendata.utou.ch\/lausanne\/\" target=\"_blank\">Opendata.utou.ch\/Lausanne<\/a>: Une carte interactive de la consommation \u00e9nerg\u00e9tique des maisons \u00e0 Lausanne (par rue) sur la base des donn\u00e9es des Services Industriels.<\/p>\n<p><a href=\"http:\/\/make.opendata.ch\/doku.php?id=project:openletten\" target=\"_blank\">OpenLetten<\/a>: Cette application transforme les relev\u00e9s scientifiques de la temp\u00e9rature de l\u2019eau \u00e0 Zurich pour r\u00e9pondre \u00e0 une question simple: est-elle assez chaude pour aller se baigner?<\/p>\n<p><a href=\"http:\/\/wheredidmytaxesgo.nelm.io\/\" target=\"_blank\">http: wheredidmytaxesgo.nelm.io<\/a>: Une application qui calcule l\u2019utilisation, poste par poste, de ses imp\u00f4ts \u00e0 Zurich.<\/p>\n<p><a href=\"http:\/\/swissmap.bitfondue.com\/\" target=\"_blank\">http:\/\/www.swissmap.bitfondue.com\/<\/a>: Une carte interactive bas\u00e9e sur les donn\u00e9es de l\u2019Office f\u00e9d\u00e9ral de la statistique afin de faciliter les comparaisons entre villes et cantons.<\/p>\n<p><a href=\"http:\/\/gesagt-im-parlament.ch\/\" target=\"_blank\">Gesagt-im-parlament.ch<\/a>: Une application qui cr\u00e9e des nuages de mots-cl\u00e9s autour de chaque parlementaire \u00e0 partir de ses interventions, postulats, etc., stock\u00e9s sur les serveurs du Parlement.<\/p>\n<p><a href=\"http:\/\/opendata.utou.ch\/antennes\/\">Opendata.utou.ch\/antennes<\/a>: Une carte interactive pour d\u00e9voiler la proximit\u00e9 des antennes du r\u00e9seau Natel \u00e0 Gen\u00e8ve afin d\u2019en prendre la direction et d\u2019am\u00e9liorer sa connexion.<\/p>\n","protected":false},"excerpt":{"rendered":"<p>Les journ\u00e9es makeopendata.ch ont d\u00e9j\u00e0 livr\u00e9 quelques outils grand public. S\u00e9lection. Opendata.utou.ch\/Lausanne: Une carte interactive de la consommation \u00e9nerg\u00e9tique des maisons \u00e0 Lausanne (par rue) sur la base des donn\u00e9es des Services Industriels. OpenLetten: Cette application transforme les relev\u00e9s scientifiques de la temp\u00e9rature de l\u2019eau \u00e0 Zurich pour r\u00e9pondre \u00e0 une question simple: est-elle assez [&hellip;]<\/p>\n","protected":false},"author":12,"featured_media":0,"parent":0,"menu_order":0,"comment_status":"open","ping_status":"closed","template":"","meta":{"footnotes":""},"class_list":["post-2686","page","type-page","status-publish","hentry"],"_links":{"self":[{"href":"https:\/\/www.oeffentlichkeitsgesetz.ch\/francais\/wp-json\/wp\/v2\/pages\/2686","targetHints":{"allow":["GET"]}}],"collection":[{"href":"https:\/\/www.oeffentlichkeitsgesetz.ch\/francais\/wp-json\/wp\/v2\/pages"}],"about":[{"href":"https:\/\/www.oeffentlichkeitsgesetz.ch\/francais\/wp-json\/wp\/v2\/types\/page"}],"author":[{"embeddable":true,"href":"https:\/\/www.oeffentlichkeitsgesetz.ch\/francais\/wp-json\/wp\/v2\/users\/12"}],"replies":[{"embeddable":true,"href":"https:\/\/www.oeffentlichkeitsgesetz.ch\/francais\/wp-json\/wp\/v2\/comments?post=2686"}],"version-history":[{"count":0,"href":"https:\/\/www.oeffentlichkeitsgesetz.ch\/francais\/wp-json\/wp\/v2\/pages\/2686\/revisions"}],"wp:attachment":[{"href":"https:\/\/www.oeffentlichkeitsgesetz.ch\/francais\/wp-json\/wp\/v2\/media?parent=2686"}],"curies":[{"name":"wp","href":"https:\/\/api.w.org\/{rel}","templated":true}]}}