{"id":130,"date":"2011-05-12T22:54:39","date_gmt":"2011-05-12T20:54:39","guid":{"rendered":"https:\/\/www.oeffentlichkeitsgesetz.ch\/deutsch\/?page_id=130"},"modified":"2012-01-05T23:17:13","modified_gmt":"2012-01-05T22:17:13","slug":"eidgenoessischer-antrag","status":"publish","type":"page","link":"https:\/\/www.oeffentlichkeitsgesetz.ch\/francais\/online-antrag\/eidgenoessischer-antrag\/","title":{"rendered":"Demande au plan f\u00e9d\u00e9ral"},"content":{"rendered":"<h2>Choisir un office f\u00e9d\u00e9ral<\/h2>\n<p><strong>Il faut tout d&rsquo;abord s\u00e9lectionner l&rsquo;office ou le service de l&rsquo;administration f\u00e9d\u00e9rale auquel on entend demander l&rsquo;acc\u00e8s au document officiel d\u00e9sir\u00e9.<\/strong><\/p>\n<p>Outre les grands offices f\u00e9d\u00e9raux, il existe au sein de l&rsquo;administration f\u00e9d\u00e9rale d\u00e9centralis\u00e9e une foule d&rsquo;institutions et plus d&rsquo;une centaine de commissions extraparlementaires qui sont toutes soumises \u00e0 la loi sur la transparence.<\/p>\n<div class=\"hinweis\"><\/p>\n<p>La loi sur la transparence s&rsquo;applique aussi, mais de mani\u00e8re plus restrictive, aux entreprises para-\u00e9tatiques telles que la SUVA, Billag, La Poste, les CFF ou le Fonds national suisse. Vous trouverez plus d&rsquo;informations \u00e0 ce propos en cliquant\u00a0<a href=\"https:\/\/www.oeffentlichkeitsgesetz.ch\/francais\/bundesnahe-betriebe\/\">ici<\/a>.<\/div><div class=\"clear\"><\/div>\n<p>[app]<\/p>\n","protected":false},"excerpt":{"rendered":"<p>Choisir un office f\u00e9d\u00e9ral Il faut tout d&rsquo;abord s\u00e9lectionner l&rsquo;office ou le service de l&rsquo;administration f\u00e9d\u00e9rale auquel on entend demander l&rsquo;acc\u00e8s au document officiel d\u00e9sir\u00e9. Outre les grands offices f\u00e9d\u00e9raux, il existe au sein de l&rsquo;administration f\u00e9d\u00e9rale d\u00e9centralis\u00e9e une foule d&rsquo;institutions et plus d&rsquo;une centaine de commissions extraparlementaires qui sont toutes soumises \u00e0 la loi [&hellip;]<\/p>\n","protected":false},"author":1,"featured_media":0,"parent":52,"menu_order":0,"comment_status":"open","ping_status":"closed","template":"","meta":{"footnotes":""},"class_list":["post-130","page","type-page","status-publish","hentry"],"_links":{"self":[{"href":"https:\/\/www.oeffentlichkeitsgesetz.ch\/francais\/wp-json\/wp\/v2\/pages\/130","targetHints":{"allow":["GET"]}}],"collection":[{"href":"https:\/\/www.oeffentlichkeitsgesetz.ch\/francais\/wp-json\/wp\/v2\/pages"}],"about":[{"href":"https:\/\/www.oeffentlichkeitsgesetz.ch\/francais\/wp-json\/wp\/v2\/types\/page"}],"author":[{"embeddable":true,"href":"https:\/\/www.oeffentlichkeitsgesetz.ch\/francais\/wp-json\/wp\/v2\/users\/1"}],"replies":[{"embeddable":true,"href":"https:\/\/www.oeffentlichkeitsgesetz.ch\/francais\/wp-json\/wp\/v2\/comments?post=130"}],"version-history":[{"count":0,"href":"https:\/\/www.oeffentlichkeitsgesetz.ch\/francais\/wp-json\/wp\/v2\/pages\/130\/revisions"}],"up":[{"embeddable":true,"href":"https:\/\/www.oeffentlichkeitsgesetz.ch\/francais\/wp-json\/wp\/v2\/pages\/52"}],"wp:attachment":[{"href":"https:\/\/www.oeffentlichkeitsgesetz.ch\/francais\/wp-json\/wp\/v2\/media?parent=130"}],"curies":[{"name":"wp","href":"https:\/\/api.w.org\/{rel}","templated":true}]}}