{"id":5520,"date":"2015-05-06T22:42:32","date_gmt":"2015-05-06T20:42:32","guid":{"rendered":"https:\/\/www.oeffentlichkeitsgesetz.ch\/deutsch\/?page_id=5520"},"modified":"2025-11-11T22:45:53","modified_gmt":"2025-11-11T21:45:53","slug":"beat-weber","status":"publish","type":"page","link":"https:\/\/www.oeffentlichkeitsgesetz.ch\/deutsch\/beat-weber\/","title":{"rendered":"Beat Weber"},"content":{"rendered":"<h1>Das Erbe der Demokraten<\/h1>\n<div class=\"wp-caption alignleft\" style=\"width: 272px\"><img loading=\"lazy\" decoding=\"async\" class=\"size-full wp-image-5572 \" src=\"https:\/\/www.oeffentlichkeitsgesetz.ch\/deutsch\/files\/2015\/05\/beat_weber.jpg\" alt=\"\" width=\"262\" height=\"350\" \/> Geld f\u00fcr Transparenzprojekt: \u00abLandboten\u00bb-Erbe Beat Weber<p class=\"wp-caption-text\"><\/p><\/div>\n<p>Er \u00fcberlege, ob er mit dem Geld aus dem Verkauf seiner Aktien investigativen Journalismus f\u00f6rdern k\u00f6nnte, sagte Beat Weber Ende 2013. Standhaft hatte sich der Spross der Winterthurer Verlegerfamilie Ziegler anf\u00e4nglich dem Verkauf des \u00abLandboten\u00bb an den Z\u00fcrcher Tamedia-Konzern widersetzt.\u00a0 Es war die emotionale Bindung des pensionierten St. Galler Spitalpfarrers an den traditionellen Zeitungsbetrieb, die ihn davon abhielt, schnelles Geld mit den Anteilsscheinen zu machen.<\/p>\n<p>\u00abDer Landbote\u00bb war 1836\u00a0 im Zuge der \u00abRegeneration\u00bb, der liberalen politischen Erneuerung nach der Pariser Julirevolution von 1830, gegr\u00fcndet worden und wurde in den folgenden Jahrzehnten zum Vork\u00e4mpfer und Organ der demokratischen Opposition gegen das liberale \u00abSystem\u00bb.<\/p>\n<p>Die Demokraten wehrten sich damals gegen den m\u00e4chtig gewordenen, aufstrebenden Z\u00fcrcher Wirtschaftsfilz, gegen das \u00abSystem Escher\u00bb. Der Eisenbahnunternehmer Alfred Escher war das erkl\u00e4rte Feindbild der Winterthurer Demokraten, weil dieser in den damaligen Boomjahren die bei ihm versammelte Wirtschaftsmacht nicht aus den H\u00e4nden gab und Handwerkern, Bauern und kleinen Betrieben keine Entwicklungschancen liess. Deshalb forderten die Demokraten Volksrechte ein und erreichten\u00a0 1869 unter anderem die demokratische Revision der Z\u00fcrcher Kantonsverfassung und 1874 die Totalrevision der Bundesverfassung, bei der unter anderem das Referendumsrecht eingef\u00fchrt wurde.<\/p>\n<h2>Gegen \u00abBundesbarone\u00bb und Veruntreuung \u00f6ffentlicher\u00a0Gelder<\/h2>\n<div class=\"wp-caption alignright\" style=\"width: 386px\"><img loading=\"lazy\" decoding=\"async\" class=\"wp-image-5573 \" src=\"https:\/\/www.oeffentlichkeitsgesetz.ch\/deutsch\/files\/2015\/05\/lange_bleuler.jpg\" alt=\"\" width=\"376\" height=\"300\" \/> F\u00fchrende K\u00f6pfe der demokratischen Bewegung: Friedrich Albert Lange und Salomon Bleuler<p class=\"wp-caption-text\"><\/p><\/div>\n<p>\u00abDer Landbote\u00bb wurde zu einem politischen Projekt, einem \u00abLabor f\u00fcr die Entwicklung der Volksrechte in der Schweiz\u00bb, wie der Politwissenschaftler\u00a0 und SP-Politiker Andreas Gross in einem Aufsatz schreibt. Der Zeitungsverlag war 1861 von Salomon Bleuler, Redaktor und demokratischer Politiker, gekauft worden. Nach dem Tode Bleulers 1886 \u00fcbernahm sein Schwager und Redaktionskollege Gottlieb Ziegler, vorher demokratischer Nationalrat und Regierungsrat, f\u00fcr seine eigenen T\u00f6chter als Miterbinnen\u00a0 Bleulers, der kinderlos geblieben war, das Blatt samt dem ganzen Druckereigesch\u00e4ft. Seit 1886 erschien \u00abDer Landbote\u00bb darum im \u00abDruck und Verlag von Geschwister Ziegler (vormals Bleuler-Hausheer &amp; Cie.)\u00bb. Das j\u00fcngste der Geschwister Ziegler, Hedwig, ist die Urgossmutter von Beat Weber.<\/p>\n<p>Dank einer nachhaltigen Firmenpolitik der Besitzerfamilien (der Nachkommen von zuletzt dreien der T\u00f6chter Zieglers) konnte sich die Zeitung auch nach dem\u00a0 Abflauen der demokratischen Bewegung und der Aufl\u00f6sung der Demokratischen Partei im regionalen Markt behaupten. Im Jahr 1974\u00a0 wurde die \u00abGeschwister Ziegler &amp; Co.\u00bb in eine Aktiengesellschaft, die \u00abZiegler Druck- und Verlags-AG\u00bb umgewandelt. Neue Zeiten brachen an, als\u00a0 das Z\u00fcrcher Verlagshaus Tamedia 2005\u00a0 zuerst einen 20-Prozent-Anteil und 2012\u00a0 auch die verf\u00fcgbaren 70 Prozent der verkaufswilligen Familienmitglieder kaufte. Schliesslich entschloss sich 2013 auch der letzte Familienaktion\u00e4r, seine 903 Aktien an Tamedia zu ver\u00e4ussern.<\/p>\n<p>Mit dem Verkauf, sagt Beat Weber, habe er einen \u00abpsychologischen\u00bb Schlussstrich ziehen wollen, nachdem ihm klar geworden sei, dass er\u00a0 mit seinem Aktienanteil beim \u00abLandboten\u00bb keinen Einfluss mehr nehmen k\u00f6nne. Einen Teil des Geldes investierte Weber bei \u00d6ffentlichkeitsgesetz.ch. Friedrich Locher, ein Wortf\u00fchrer der demokratischen Bewegung, h\u00e4tte an der Schenkung seine Freude gehabt \u2013 in den 1860er Jahren stellte dieser \u00abBundesbarone\u00bb an den Pranger und wehrte sich gegen den Missbrauch und die Veruntreuung \u00f6ffentlicher Gelder.<\/p>\n<hr \/>\n<p><a href=\"https:\/\/www.oeffentlichkeitsgesetz.ch\/deutsch\/files\/2015\/05\/Zeitung-als-Labor.pdf\">Die Zeitung als Laboratorium f\u00fcr die Entwicklung der Volksrechte<\/a> \u2013 Andreas Gross beschreibt, wie die zwei Redaktoren Friedrich Albert Lange und Salomon Bleuler den Winterthurer \u00abLandboten\u00bb zu einem Leuchtturm der direkten Demokratie machten.<\/p>\n<p><a href=\"https:\/\/www.oeffentlichkeitsgesetz.ch\/deutsch\/files\/2015\/05\/nzz_20150418_0_0_62.pdf\">Wie die liberale Herrschaft in Z\u00fcrich unterging<\/a>\u00a0 \u2013 Der Historiker und Publizist Joseph Jung beleuchtet den Pamphlet\u1ecbsten Friedrich Locher, einen Wortf\u00fchrer der Demokraten und schonungsloser Kritiker der m\u00e4chtigen Z\u00fcrcher Wirtschaftselite, der nicht davor zur\u00fcckschreckte skandal\u00f6se \u00abConcubinatsverh\u00e4ltnisse\u00bb der politischen Gegner anzuprangern.<\/p>\n","protected":false},"excerpt":{"rendered":"<p>Das Erbe der Demokraten Er \u00fcberlege, ob er mit dem Geld aus dem Verkauf seiner Aktien investigativen Journalismus f\u00f6rdern k\u00f6nnte, sagte Beat Weber Ende 2013. Standhaft hatte sich der Spross der Winterthurer Verlegerfamilie Ziegler anf\u00e4nglich dem Verkauf des \u00abLandboten\u00bb an den Z\u00fcrcher Tamedia-Konzern widersetzt.\u00a0 Es war die emotionale Bindung des pensionierten St. Galler Spitalpfarrers an [&hellip;]<\/p>\n","protected":false},"author":12,"featured_media":0,"parent":0,"menu_order":0,"comment_status":"closed","ping_status":"closed","template":"","meta":{"footnotes":""},"class_list":["post-5520","page","type-page","status-publish","hentry"],"_links":{"self":[{"href":"https:\/\/www.oeffentlichkeitsgesetz.ch\/deutsch\/wp-json\/wp\/v2\/pages\/5520","targetHints":{"allow":["GET"]}}],"collection":[{"href":"https:\/\/www.oeffentlichkeitsgesetz.ch\/deutsch\/wp-json\/wp\/v2\/pages"}],"about":[{"href":"https:\/\/www.oeffentlichkeitsgesetz.ch\/deutsch\/wp-json\/wp\/v2\/types\/page"}],"author":[{"embeddable":true,"href":"https:\/\/www.oeffentlichkeitsgesetz.ch\/deutsch\/wp-json\/wp\/v2\/users\/12"}],"replies":[{"embeddable":true,"href":"https:\/\/www.oeffentlichkeitsgesetz.ch\/deutsch\/wp-json\/wp\/v2\/comments?post=5520"}],"version-history":[{"count":2,"href":"https:\/\/www.oeffentlichkeitsgesetz.ch\/deutsch\/wp-json\/wp\/v2\/pages\/5520\/revisions"}],"predecessor-version":[{"id":18759,"href":"https:\/\/www.oeffentlichkeitsgesetz.ch\/deutsch\/wp-json\/wp\/v2\/pages\/5520\/revisions\/18759"}],"wp:attachment":[{"href":"https:\/\/www.oeffentlichkeitsgesetz.ch\/deutsch\/wp-json\/wp\/v2\/media?parent=5520"}],"curies":[{"name":"wp","href":"https:\/\/api.w.org\/{rel}","templated":true}]}}