{"id":22,"date":"2011-05-08T14:05:26","date_gmt":"2011-05-08T14:05:26","guid":{"rendered":"https:\/\/www.oeffentlichkeitsgesetz.ch\/deutsch\/?page_id=22"},"modified":"2023-11-30T06:14:30","modified_gmt":"2023-11-30T05:14:30","slug":"unterstuetzen","status":"publish","type":"page","link":"https:\/\/www.oeffentlichkeitsgesetz.ch\/deutsch\/unterstuetzen\/","title":{"rendered":"Schritt f\u00fcr Schritt zu mehr Transparenz"},"content":{"rendered":"<p><strong>Wenn die Verwaltung blockt, setzen wir\u00a0Transparenzrechte durch.\u00a0<\/strong>Dabei sind wir auf Eure Mithilfe angewiesen. Ab j\u00e4hrlich 50 Franken bist du Teil unserer Idee.<\/p>\n<p><strong>Unterst\u00fctze uns jetzt!<\/strong><\/p>\n<table style=\"width: 100%;margin: 1em 0px 3em\">\n<tbody>\n<tr>\n<td>\n<p style=\"text-align: left\"><strong><a class=\"kanton-button\" style=\"text-align: center;padding: 10px 25px\" href=\"https:\/\/oeffentlichkeitsgesetz.payrexx.com\/de\/pay?cid=3653d539\" target=\"_blank\" rel=\"noopener noreferrer\">Mitglied werden<br \/>\noder spenden<\/a><\/strong><\/p>\n<\/td>\n<\/tr>\n<\/tbody>\n<\/table>\n<div class=\"hinweis\"><em>\u00d6ffentlichkeitsgesetz.ch ist eine anerkannte Non-Profit-Organisation. F\u00f6rderbeitr\u00e4ge und Spenden lassen sich von den Steuern abziehen.<\/em>\u00a0<\/div><div class=\"clear\"><\/div>\n<div id=\"attachment_7367\" class=\"wp-caption alignnone\" style=\"width: 602px\"><img loading=\"lazy\" decoding=\"async\" class=\"wp-image-7367 size-full\" src=\"https:\/\/www.oeffentlichkeitsgesetz.ch\/deutsch\/files\/2016\/11\/spendenaufruf_photo.jpg\" alt=\"\" width=\"592\" height=\"480\" \/> Nationalbank in Bern, 1965.<p class=\"wp-caption-text\"><\/p><\/div>\n<hr \/>\n<h3>Was genau ist euer Anliegen?<\/h3>\n<p>Wir glauben, dass der ungehinderte Zugang zu amtlichen Informationen ein wichtiges Gut einer freien Gesellschaft ist. Wird der Zugang zu Verwaltungsinformationen erschwert oder verhindert, schl\u00e4gt <em>\u00d6ffentlichkeits\u00adgesetz.ch<\/em> Alarm: in der \u00d6ffentlichkeit, bei Politikern und bei Gerichten. Uns ist wichtig, dass sich die \u00d6ffentlichkeitsgesetze weiterentwickeln. Deshalb schaffen wir in zentralen Streitfragen Kl\u00e4rung und ziehen Pilotf\u00e4lle bis vors Bundesgericht. Von unserer Arbeit profitieren alle engagierten Medienschaffenden, aber auch B\u00fcrgerinnen und B\u00fcrger.<\/p>\n<h3>Wer seid ihr?<\/h3>\n<p><em>\u00d6ffentlichkeits\u00adgesetz.ch<\/em> ist in der Schweiz die treibende Kraft und das Kompetenzzentrum f\u00fcr Verwaltungstransparenz. <a href=\"https:\/\/www.oeffentlichkeitsgesetz.ch\/deutsch\/wer-wir-sind\/\">Im Vorstand<\/a> des 2011 gegr\u00fcndeten Vereins sitzen Medienschaffende und am Thema interessierte Fachpersonen aus der Deutsch- und der Westschweiz. 2015 hat der Verein seine Strukturen professionalisiert und eine Teilzeit-Gesch\u00e4ftsstelle eingerichtet. Unterst\u00fctzt werden wir von Privatpersonen, Stiftungen, Verlagen und von der Verwaltung.<\/p>\n<h3>Was passiert konkret mit dem gespendeten Geld?<\/h3>\n<p>Das Geld fliesst direkt in unsere Projekte: Wir bereiten die Rechtspraxis so auf, dass jeder und jede rasch Zugang dazu findet. Wir geben unser Knowhow an Weiterbildungsanl\u00e4ssen weiter oder unterst\u00fctzen Interessierte bei ihren Zugangsgesuchen. Mit Spendengeldern aktualisieren wir unsere Webseite laufend.<\/p>\n<h3>Was haben \u00d6ffentlichkeitsgesetze gebracht?<\/h3>\n<p>Dank den \u00d6ffentlichkeitsgesetzen sind Medienschaffende oder NGOs immer wieder auf verborgene Sachverhalte gestossen. Beispiele gibt es einige:<\/p>\n<p>&nbsp;<\/p>\n<p><a href=\"https:\/\/www.oeffentlichkeitsgesetz.ch\/deutsch\/files\/2018\/12\/Urs-Flueele.gif\"><img loading=\"lazy\" decoding=\"async\" class=\"alignleft size-full wp-image-10081\" src=\"https:\/\/www.oeffentlichkeitsgesetz.ch\/deutsch\/files\/2018\/12\/Urs-Flueele.gif\" alt=\"\" width=\"580\" height=\"243\" \/><\/a><\/p>\n<ul class=\"wide\">\n<li>Die Westschweizer Zeitung \u00abLa Libert\u00e9\u00bb und das Tamedia-Recherchedesk konnten mit dem \u00d6ffentlichkeitsgesetz eine skandal\u00f6se Spesenpraxis bei hohen Milit\u00e4rs aufdecken. Mehrmals j\u00e4hrlich hatten sich diese zu gediegenen Seminaren getroffen, mit \u00abanst\u00e4ndigen\u00bb Mehrg\u00e4ngern und \u00ablimitless Alkohol\u00bb. Partnerinnen wurden f\u00fcr Zehn\u00adtau\u00adsen\u00adde Franken in Helikoptern eingeflogen.<\/li>\n<li>Mithilfe des \u00d6ffentlichkeitsgesetzes hat der Berner Journalist Christian Br\u00f6nni\u00admann eine Korruptionsaff\u00e4re aufgedeckt. Er hatte von der Bundes\u00adverwaltung Transparenz \u00fcber Auftr\u00e4ge verlangt, die ohne Ausschrei\u00ad\u00adbung vergeben werden. In den Auf\u00adlist\u00adungen stiess er auf Auff\u00e4llig\u00adkeiten bei einem IT-Pro\u00adjekt des Staats\u00adsekretariats f\u00fcr Wirtschaft.<\/li>\n<li>2013 wies der Bundesrat die Verwaltung an, die Namen von Unternehmen, die den Bund beliefern, in der Beschaffungs\u00adstatistik zu schw\u00e4rzen. Jour\u00adnalisten von \u00abLe Matin Dimanche\u00bb und der \u00abSonntags\u00adzeitung\u00bb wehrten sich dagegen und bekamen vom Bundes\u00adgericht Recht. Die Richter stellten klar: Wenn staatliche Gelder fliessen, darf die \u00d6ffentlichkeit wissen, wer diese bekommt.<\/li>\n<\/ul>\n<hr \/>\n<p><strong>Spendenkonto <\/strong><br \/>\nIBAN: CH84 0840 1000 0673 8877 9<br \/>\nVerein \u00d6ffentlichkeitsgesetz.ch, 3000 Bern<br \/>\nBIC (Swift Code): MIGRCHZZXXX<\/p>\n<p><a class=\"kanton-button\" style=\"text-align: center\" href=\"https:\/\/oeffentlichkeitsgesetz.payrexx.com\/pay?tid=8\" target=\"_blank\" rel=\"noopener noreferrer\">Einzahlungsschein bestellen<\/a><\/p>\n","protected":false},"excerpt":{"rendered":"<p>Wenn die Verwaltung blockt, setzen wir\u00a0Transparenzrechte durch.\u00a0Dabei sind wir auf Eure Mithilfe angewiesen. Ab j\u00e4hrlich 50 Franken bist du Teil unserer Idee. Unterst\u00fctze uns jetzt! Mitglied werden oder spenden Was genau ist euer Anliegen? Wir glauben, dass der ungehinderte Zugang zu amtlichen Informationen ein wichtiges Gut einer freien Gesellschaft ist. Wird der Zugang zu Verwaltungsinformationen [&hellip;]<\/p>\n","protected":false},"author":1,"featured_media":0,"parent":0,"menu_order":0,"comment_status":"open","ping_status":"open","template":"","meta":{"footnotes":""},"class_list":["post-22","page","type-page","status-publish","hentry"],"_links":{"self":[{"href":"https:\/\/www.oeffentlichkeitsgesetz.ch\/deutsch\/wp-json\/wp\/v2\/pages\/22","targetHints":{"allow":["GET"]}}],"collection":[{"href":"https:\/\/www.oeffentlichkeitsgesetz.ch\/deutsch\/wp-json\/wp\/v2\/pages"}],"about":[{"href":"https:\/\/www.oeffentlichkeitsgesetz.ch\/deutsch\/wp-json\/wp\/v2\/types\/page"}],"author":[{"embeddable":true,"href":"https:\/\/www.oeffentlichkeitsgesetz.ch\/deutsch\/wp-json\/wp\/v2\/users\/1"}],"replies":[{"embeddable":true,"href":"https:\/\/www.oeffentlichkeitsgesetz.ch\/deutsch\/wp-json\/wp\/v2\/comments?post=22"}],"version-history":[{"count":4,"href":"https:\/\/www.oeffentlichkeitsgesetz.ch\/deutsch\/wp-json\/wp\/v2\/pages\/22\/revisions"}],"predecessor-version":[{"id":16251,"href":"https:\/\/www.oeffentlichkeitsgesetz.ch\/deutsch\/wp-json\/wp\/v2\/pages\/22\/revisions\/16251"}],"wp:attachment":[{"href":"https:\/\/www.oeffentlichkeitsgesetz.ch\/deutsch\/wp-json\/wp\/v2\/media?parent=22"}],"curies":[{"name":"wp","href":"https:\/\/api.w.org\/{rel}","templated":true}]}}