{"id":18770,"date":"2026-01-03T10:23:32","date_gmt":"2026-01-03T09:23:32","guid":{"rendered":"https:\/\/www.oeffentlichkeitsgesetz.ch\/deutsch\/?page_id=18770"},"modified":"2026-01-03T10:23:32","modified_gmt":"2026-01-03T09:23:32","slug":"jury-prix-transparence-2025","status":"publish","type":"page","link":"https:\/\/www.oeffentlichkeitsgesetz.ch\/deutsch\/jury-prix-transparence-2025\/","title":{"rendered":"Jury Prix Transparence 2025"},"content":{"rendered":"<p>&nbsp;<\/p>\n<table style=\"width: 100%; height: 1768px;\">\n<tbody>\n<tr style=\"height: 296px;\">\n<td style=\"height: 296px;\"><a href=\"https:\/\/www.oeffentlichkeitsgesetz.ch\/deutsch\/files\/2019\/12\/bolliger_akermann.png\"><img loading=\"lazy\" decoding=\"async\" class=\"alignleft wp-image-11418\" src=\"https:\/\/www.oeffentlichkeitsgesetz.ch\/deutsch\/files\/2019\/12\/bolliger_akermann.png\" alt=\"\" width=\"280\" height=\"280\" srcset=\"https:\/\/www.oeffentlichkeitsgesetz.ch\/deutsch\/files\/2019\/12\/bolliger_akermann.png 840w, https:\/\/www.oeffentlichkeitsgesetz.ch\/deutsch\/files\/2019\/12\/bolliger_akermann-150x150.png 150w, https:\/\/www.oeffentlichkeitsgesetz.ch\/deutsch\/files\/2019\/12\/bolliger_akermann-300x300.png 300w, https:\/\/www.oeffentlichkeitsgesetz.ch\/deutsch\/files\/2019\/12\/bolliger_akermann-768x768.png 768w, https:\/\/www.oeffentlichkeitsgesetz.ch\/deutsch\/files\/2019\/12\/bolliger_akermann-682x682.png 682w\" sizes=\"auto, (max-width: 280px) 100vw, 280px\" \/><\/a><\/td>\n<td style=\"height: 296px;\"><img loading=\"lazy\" decoding=\"async\" class=\"wp-image-14791 size-full alignleft\" src=\"https:\/\/www.oeffentlichkeitsgesetz.ch\/deutsch\/files\/2022\/12\/Wanner_Anna_280X280.png\" alt=\"\" width=\"280\" height=\"280\" srcset=\"https:\/\/www.oeffentlichkeitsgesetz.ch\/deutsch\/files\/2022\/12\/Wanner_Anna_280X280.png 280w, https:\/\/www.oeffentlichkeitsgesetz.ch\/deutsch\/files\/2022\/12\/Wanner_Anna_280X280-150x150.png 150w\" sizes=\"auto, (max-width: 280px) 100vw, 280px\" \/><\/td>\n<\/tr>\n<tr style=\"height: 48px;\">\n<td style=\"height: 48px;\">Michael Bolliger, Themenplaner<br \/>\nAbteilung Kultur SRF<\/td>\n<td style=\"height: 48px;\">\n<div>Anna Wanner Co-Ressortleiterin Inland<br \/>\nCH Media<\/div>\n<\/td>\n<\/tr>\n<tr style=\"height: 296px;\">\n<td style=\"height: 296px;\"><img loading=\"lazy\" decoding=\"async\" class=\"wp-image-18772 size-full alignleft\" src=\"https:\/\/www.oeffentlichkeitsgesetz.ch\/deutsch\/files\/2025\/11\/claude-ansermoz-web.jpg\" alt=\"\" width=\"280\" height=\"280\" srcset=\"https:\/\/www.oeffentlichkeitsgesetz.ch\/deutsch\/files\/2025\/11\/claude-ansermoz-web.jpg 280w, https:\/\/www.oeffentlichkeitsgesetz.ch\/deutsch\/files\/2025\/11\/claude-ansermoz-web-150x150.jpg 150w\" sizes=\"auto, (max-width: 280px) 100vw, 280px\" \/><\/td>\n<td style=\"height: 296px;\"><a href=\"https:\/\/www.oeffentlichkeitsgesetz.ch\/deutsch\/files\/2019\/01\/Rene-Schuhmacher_bearbeitet.gif\"><img loading=\"lazy\" decoding=\"async\" class=\"alignleft size-full wp-image-10260\" src=\"https:\/\/www.oeffentlichkeitsgesetz.ch\/deutsch\/files\/2019\/01\/Rene-Schuhmacher_bearbeitet.gif\" alt=\"\" width=\"280\" height=\"280\" \/><\/a><\/td>\n<\/tr>\n<tr style=\"height: 80px;\">\n<td style=\"height: 80px;\">\n<p>Claude Ansermoz, Chefredaktor<br \/>\nRingier Romandie<\/p>\n<\/td>\n<td style=\"height: 80px;\">\n<div>Ren\u00e9 Schuhmacher, Verleger<br \/>\nKonsumenteninfo<\/div>\n<\/td>\n<\/tr>\n<tr style=\"height: 312px;\">\n<td style=\"height: 312px;\"><a href=\"https:\/\/www.oeffentlichkeitsgesetz.ch\/deutsch\/files\/2022\/01\/strebel-3_klein.png\"><img loading=\"lazy\" decoding=\"async\" class=\"alignleft wp-image-13978 size-full\" src=\"https:\/\/www.oeffentlichkeitsgesetz.ch\/deutsch\/files\/2022\/01\/strebel-3_klein.png\" alt=\"\" width=\"280\" height=\"280\" srcset=\"https:\/\/www.oeffentlichkeitsgesetz.ch\/deutsch\/files\/2022\/01\/strebel-3_klein.png 280w, https:\/\/www.oeffentlichkeitsgesetz.ch\/deutsch\/files\/2022\/01\/strebel-3_klein-150x150.png 150w\" sizes=\"auto, (max-width: 280px) 100vw, 280px\" \/><\/a><\/td>\n<td style=\"height: 312px;\">\n<p><a href=\"https:\/\/www.oeffentlichkeitsgesetz.ch\/deutsch\/files\/2019\/12\/Adrien-Juvet_PT_19.jpg\"><img loading=\"lazy\" decoding=\"async\" class=\"alignleft size-full wp-image-11283\" src=\"https:\/\/www.oeffentlichkeitsgesetz.ch\/deutsch\/files\/2019\/12\/Adrien-Juvet_PT_19.jpg\" alt=\"\" width=\"280\" height=\"280\" srcset=\"https:\/\/www.oeffentlichkeitsgesetz.ch\/deutsch\/files\/2019\/12\/Adrien-Juvet_PT_19.jpg 280w, https:\/\/www.oeffentlichkeitsgesetz.ch\/deutsch\/files\/2019\/12\/Adrien-Juvet_PT_19-150x150.jpg 150w\" sizes=\"auto, (max-width: 280px) 100vw, 280px\" \/><\/a><\/p>\n<\/td>\n<\/tr>\n<tr style=\"height: 48px;\">\n<td style=\"height: 48px;\">Dominique Strebel, Chefredaktor<br \/>\nBeobachter<\/td>\n<td style=\"height: 48px;\">Adrien Juvet, Chefredaktor<br \/>\nRTN<\/td>\n<\/tr>\n<tr style=\"height: 296px;\">\n<td style=\"height: 296px;\"><img loading=\"lazy\" decoding=\"async\" class=\"size-full wp-image-14808 alignleft\" src=\"https:\/\/www.oeffentlichkeitsgesetz.ch\/deutsch\/files\/2022\/12\/Blick_Portrait_2206-2.png\" alt=\"\" width=\"280\" height=\"280\" srcset=\"https:\/\/www.oeffentlichkeitsgesetz.ch\/deutsch\/files\/2022\/12\/Blick_Portrait_2206-2.png 280w, https:\/\/www.oeffentlichkeitsgesetz.ch\/deutsch\/files\/2022\/12\/Blick_Portrait_2206-2-150x150.png 150w\" sizes=\"auto, (max-width: 280px) 100vw, 280px\" \/><\/td>\n<td style=\"height: 296px;\"><a href=\"https:\/\/www.oeffentlichkeitsgesetz.ch\/deutsch\/files\/2019\/01\/martins-fehr_bearbeitet.gif\"><img loading=\"lazy\" decoding=\"async\" class=\"alignleft size-full wp-image-10259\" src=\"https:\/\/www.oeffentlichkeitsgesetz.ch\/deutsch\/files\/2019\/01\/martins-fehr_bearbeitet.gif\" alt=\"\" width=\"280\" height=\"280\" \/><\/a><\/td>\n<\/tr>\n<tr style=\"height: 48px;\">\n<td style=\"height: 48px;\">Serm\u00een Faki, Nachrichtenchefin<br \/>\nCH Media<\/td>\n<td style=\"height: 48px;\">Martina Fehr, Direktorin MAZ &#8211; Institut f\u00fcr Journalismus und Kommunikation<\/td>\n<\/tr>\n<tr style=\"height: 296px;\">\n<td style=\"height: 296px;\"><img loading=\"lazy\" decoding=\"async\" class=\"size-full wp-image-14853 alignleft\" src=\"https:\/\/www.oeffentlichkeitsgesetz.ch\/deutsch\/files\/2023\/01\/Mattias_Greuter.png\" alt=\"\" width=\"280\" height=\"280\" srcset=\"https:\/\/www.oeffentlichkeitsgesetz.ch\/deutsch\/files\/2023\/01\/Mattias_Greuter.png 280w, https:\/\/www.oeffentlichkeitsgesetz.ch\/deutsch\/files\/2023\/01\/Mattias_Greuter-150x150.png 150w\" sizes=\"auto, (max-width: 280px) 100vw, 280px\" \/><\/td>\n<td style=\"height: 296px;\"><img loading=\"lazy\" decoding=\"async\" class=\"size-full wp-image-16300 alignleft\" src=\"https:\/\/www.oeffentlichkeitsgesetz.ch\/deutsch\/files\/2023\/12\/LaLiberte_071223AWI_043-280-1.png\" alt=\"\" width=\"280\" height=\"280\" srcset=\"https:\/\/www.oeffentlichkeitsgesetz.ch\/deutsch\/files\/2023\/12\/LaLiberte_071223AWI_043-280-1.png 280w, https:\/\/www.oeffentlichkeitsgesetz.ch\/deutsch\/files\/2023\/12\/LaLiberte_071223AWI_043-280-1-150x150.png 150w\" sizes=\"auto, (max-width: 280px) 100vw, 280px\" \/><\/td>\n<\/tr>\n<tr style=\"height: 48px;\">\n<td style=\"height: 48px;\">\n<div>Mattias Greuter, Verlagsleiter und <br \/>\nRedaktor Schaffhauser AZ<\/div>\n<\/td>\n<td style=\"height: 48px;\">Fran\u00e7ois Mauron, Chefredaktor<br \/>\nLa Libert\u00e9<\/td>\n<\/tr>\n<\/tbody>\n<\/table>\n","protected":false},"excerpt":{"rendered":"<p>&nbsp; Michael Bolliger, Themenplaner Abteilung Kultur SRF Anna Wanner Co-Ressortleiterin Inland CH Media Claude Ansermoz, Chefredaktor Ringier Romandie Ren\u00e9 Schuhmacher, Verleger Konsumenteninfo Dominique Strebel, Chefredaktor Beobachter Adrien Juvet, Chefredaktor RTN Serm\u00een Faki, Nachrichtenchefin CH Media Martina Fehr, Direktorin MAZ &#8211; Institut f\u00fcr Journalismus und Kommunikation Mattias Greuter, Verlagsleiter und Redaktor Schaffhauser AZ Fran\u00e7ois Mauron, Chefredaktor [&hellip;]<\/p>\n","protected":false},"author":1,"featured_media":0,"parent":0,"menu_order":0,"comment_status":"closed","ping_status":"closed","template":"","meta":{"footnotes":""},"class_list":["post-18770","page","type-page","status-publish","hentry"],"_links":{"self":[{"href":"https:\/\/www.oeffentlichkeitsgesetz.ch\/deutsch\/wp-json\/wp\/v2\/pages\/18770","targetHints":{"allow":["GET"]}}],"collection":[{"href":"https:\/\/www.oeffentlichkeitsgesetz.ch\/deutsch\/wp-json\/wp\/v2\/pages"}],"about":[{"href":"https:\/\/www.oeffentlichkeitsgesetz.ch\/deutsch\/wp-json\/wp\/v2\/types\/page"}],"author":[{"embeddable":true,"href":"https:\/\/www.oeffentlichkeitsgesetz.ch\/deutsch\/wp-json\/wp\/v2\/users\/1"}],"replies":[{"embeddable":true,"href":"https:\/\/www.oeffentlichkeitsgesetz.ch\/deutsch\/wp-json\/wp\/v2\/comments?post=18770"}],"version-history":[{"count":3,"href":"https:\/\/www.oeffentlichkeitsgesetz.ch\/deutsch\/wp-json\/wp\/v2\/pages\/18770\/revisions"}],"predecessor-version":[{"id":18886,"href":"https:\/\/www.oeffentlichkeitsgesetz.ch\/deutsch\/wp-json\/wp\/v2\/pages\/18770\/revisions\/18886"}],"wp:attachment":[{"href":"https:\/\/www.oeffentlichkeitsgesetz.ch\/deutsch\/wp-json\/wp\/v2\/media?parent=18770"}],"curies":[{"name":"wp","href":"https:\/\/api.w.org\/{rel}","templated":true}]}}

<p>&nbsp;</p>
<table style="width: 100%; height: 1768px;">
<tbody>
<tr style="height: 296px;">
<td style="height: 296px;"><a href="https://www.oeffentlichkeitsgesetz.ch/deutsch/files/2019/12/bolliger_akermann.png"><img loading="lazy" decoding="async" class="alignleft wp-image-11418" src="https://www.oeffentlichkeitsgesetz.ch/deutsch/files/2019/12/bolliger_akermann.png" alt="" width="280" height="280" srcset="https://www.oeffentlichkeitsgesetz.ch/deutsch/files/2019/12/bolliger_akermann.png 840w, https://www.oeffentlichkeitsgesetz.ch/deutsch/files/2019/12/bolliger_akermann-150x150.png 150w, https://www.oeffentlichkeitsgesetz.ch/deutsch/files/2019/12/bolliger_akermann-300x300.png 300w, https://www.oeffentlichkeitsgesetz.ch/deutsch/files/2019/12/bolliger_akermann-768x768.png 768w, https://www.oeffentlichkeitsgesetz.ch/deutsch/files/2019/12/bolliger_akermann-682x682.png 682w" sizes="auto, (max-width: 280px) 100vw, 280px" /></a></td>
<td style="height: 296px;"><img loading="lazy" decoding="async" class="wp-image-14791 size-full alignleft" src="https://www.oeffentlichkeitsgesetz.ch/deutsch/files/2022/12/Wanner_Anna_280X280.png" alt="" width="280" height="280" srcset="https://www.oeffentlichkeitsgesetz.ch/deutsch/files/2022/12/Wanner_Anna_280X280.png 280w, https://www.oeffentlichkeitsgesetz.ch/deutsch/files/2022/12/Wanner_Anna_280X280-150x150.png 150w" sizes="auto, (max-width: 280px) 100vw, 280px" /></td>
</tr>
<tr style="height: 48px;">
<td style="height: 48px;">Michael Bolliger, Themenplaner<br />
Abteilung Kultur SRF</td>
<td style="height: 48px;">
<div>Anna Wanner Co-Ressortleiterin Inland<br />
CH Media</div>
</td>
</tr>
<tr style="height: 296px;">
<td style="height: 296px;"><img loading="lazy" decoding="async" class="wp-image-18772 size-full alignleft" src="https://www.oeffentlichkeitsgesetz.ch/deutsch/files/2025/11/claude-ansermoz-web.jpg" alt="" width="280" height="280" srcset="https://www.oeffentlichkeitsgesetz.ch/deutsch/files/2025/11/claude-ansermoz-web.jpg 280w, https://www.oeffentlichkeitsgesetz.ch/deutsch/files/2025/11/claude-ansermoz-web-150x150.jpg 150w" sizes="auto, (max-width: 280px) 100vw, 280px" /></td>
<td style="height: 296px;"><a href="https://www.oeffentlichkeitsgesetz.ch/deutsch/files/2019/01/Rene-Schuhmacher_bearbeitet.gif"><img loading="lazy" decoding="async" class="alignleft size-full wp-image-10260" src="https://www.oeffentlichkeitsgesetz.ch/deutsch/files/2019/01/Rene-Schuhmacher_bearbeitet.gif" alt="" width="280" height="280" /></a></td>
</tr>
<tr style="height: 80px;">
<td style="height: 80px;">
<p>Claude Ansermoz, Chefredaktor<br />
Ringier Romandie</p>
</td>
<td style="height: 80px;">
<div>René Schuhmacher, Verleger<br />
Konsumenteninfo</div>
</td>
</tr>
<tr style="height: 312px;">
<td style="height: 312px;"><a href="https://www.oeffentlichkeitsgesetz.ch/deutsch/files/2022/01/strebel-3_klein.png"><img loading="lazy" decoding="async" class="alignleft wp-image-13978 size-full" src="https://www.oeffentlichkeitsgesetz.ch/deutsch/files/2022/01/strebel-3_klein.png" alt="" width="280" height="280" srcset="https://www.oeffentlichkeitsgesetz.ch/deutsch/files/2022/01/strebel-3_klein.png 280w, https://www.oeffentlichkeitsgesetz.ch/deutsch/files/2022/01/strebel-3_klein-150x150.png 150w" sizes="auto, (max-width: 280px) 100vw, 280px" /></a></td>
<td style="height: 312px;">
<p><a href="https://www.oeffentlichkeitsgesetz.ch/deutsch/files/2019/12/Adrien-Juvet_PT_19.jpg"><img loading="lazy" decoding="async" class="alignleft size-full wp-image-11283" src="https://www.oeffentlichkeitsgesetz.ch/deutsch/files/2019/12/Adrien-Juvet_PT_19.jpg" alt="" width="280" height="280" srcset="https://www.oeffentlichkeitsgesetz.ch/deutsch/files/2019/12/Adrien-Juvet_PT_19.jpg 280w, https://www.oeffentlichkeitsgesetz.ch/deutsch/files/2019/12/Adrien-Juvet_PT_19-150x150.jpg 150w" sizes="auto, (max-width: 280px) 100vw, 280px" /></a></p>
</td>
</tr>
<tr style="height: 48px;">
<td style="height: 48px;">Dominique Strebel, Chefredaktor<br />
Beobachter</td>
<td style="height: 48px;">Adrien Juvet, Chefredaktor<br />
RTN</td>
</tr>
<tr style="height: 296px;">
<td style="height: 296px;"><img loading="lazy" decoding="async" class="size-full wp-image-14808 alignleft" src="https://www.oeffentlichkeitsgesetz.ch/deutsch/files/2022/12/Blick_Portrait_2206-2.png" alt="" width="280" height="280" srcset="https://www.oeffentlichkeitsgesetz.ch/deutsch/files/2022/12/Blick_Portrait_2206-2.png 280w, https://www.oeffentlichkeitsgesetz.ch/deutsch/files/2022/12/Blick_Portrait_2206-2-150x150.png 150w" sizes="auto, (max-width: 280px) 100vw, 280px" /></td>
<td style="height: 296px;"><a href="https://www.oeffentlichkeitsgesetz.ch/deutsch/files/2019/01/martins-fehr_bearbeitet.gif"><img loading="lazy" decoding="async" class="alignleft size-full wp-image-10259" src="https://www.oeffentlichkeitsgesetz.ch/deutsch/files/2019/01/martins-fehr_bearbeitet.gif" alt="" width="280" height="280" /></a></td>
</tr>
<tr style="height: 48px;">
<td style="height: 48px;">Sermîn Faki, Nachrichtenchefin<br />
CH Media</td>
<td style="height: 48px;">Martina Fehr, Direktorin MAZ &#8211; Institut für Journalismus und Kommunikation</td>
</tr>
<tr style="height: 296px;">
<td style="height: 296px;"><img loading="lazy" decoding="async" class="size-full wp-image-14853 alignleft" src="https://www.oeffentlichkeitsgesetz.ch/deutsch/files/2023/01/Mattias_Greuter.png" alt="" width="280" height="280" srcset="https://www.oeffentlichkeitsgesetz.ch/deutsch/files/2023/01/Mattias_Greuter.png 280w, https://www.oeffentlichkeitsgesetz.ch/deutsch/files/2023/01/Mattias_Greuter-150x150.png 150w" sizes="auto, (max-width: 280px) 100vw, 280px" /></td>
<td style="height: 296px;"><img loading="lazy" decoding="async" class="size-full wp-image-16300 alignleft" src="https://www.oeffentlichkeitsgesetz.ch/deutsch/files/2023/12/LaLiberte_071223AWI_043-280-1.png" alt="" width="280" height="280" srcset="https://www.oeffentlichkeitsgesetz.ch/deutsch/files/2023/12/LaLiberte_071223AWI_043-280-1.png 280w, https://www.oeffentlichkeitsgesetz.ch/deutsch/files/2023/12/LaLiberte_071223AWI_043-280-1-150x150.png 150w" sizes="auto, (max-width: 280px) 100vw, 280px" /></td>
</tr>
<tr style="height: 48px;">
<td style="height: 48px;">
<div>Mattias Greuter, Verlagsleiter und <br />
Redaktor Schaffhauser AZ</div>
</td>
<td style="height: 48px;">François Mauron, Chefredaktor<br />
La Liberté</td>
</tr>
</tbody>
</table>

<p>&nbsp; Michael Bolliger, Themenplaner Abteilung Kultur SRF Anna Wanner Co-Ressortleiterin Inland CH Media Claude Ansermoz, Chefredaktor Ringier Romandie René Schuhmacher, Verleger Konsumenteninfo Dominique Strebel, Chefredaktor Beobachter Adrien Juvet, Chefredaktor RTN Sermîn Faki, Nachrichtenchefin CH Media Martina Fehr, Direktorin MAZ &#8211; Institut für Journalismus und Kommunikation Mattias Greuter, Verlagsleiter und Redaktor Schaffhauser AZ François Mauron, Chefredaktor [&hellip;]</p>
