{"id":17785,"date":"2024-12-13T17:03:53","date_gmt":"2024-12-13T16:03:53","guid":{"rendered":"https:\/\/www.oeffentlichkeitsgesetz.ch\/deutsch\/?page_id=17785"},"modified":"2024-12-13T17:03:53","modified_gmt":"2024-12-13T16:03:53","slug":"jury-prix-transparence-2024","status":"publish","type":"page","link":"https:\/\/www.oeffentlichkeitsgesetz.ch\/deutsch\/jury-prix-transparence-2024\/","title":{"rendered":"Jury Prix Transparence 2024"},"content":{"rendered":"<p>&nbsp;<\/p>\n<table style=\"width: 100%\">\n<tbody>\n<tr>\n<td><a href=\"https:\/\/www.oeffentlichkeitsgesetz.ch\/deutsch\/files\/2019\/12\/bolliger_akermann.png\"><img loading=\"lazy\" decoding=\"async\" class=\"alignleft wp-image-11418\" src=\"https:\/\/www.oeffentlichkeitsgesetz.ch\/deutsch\/files\/2019\/12\/bolliger_akermann.png\" alt=\"\" width=\"280\" height=\"280\" srcset=\"https:\/\/www.oeffentlichkeitsgesetz.ch\/deutsch\/files\/2019\/12\/bolliger_akermann.png 840w, https:\/\/www.oeffentlichkeitsgesetz.ch\/deutsch\/files\/2019\/12\/bolliger_akermann-150x150.png 150w, https:\/\/www.oeffentlichkeitsgesetz.ch\/deutsch\/files\/2019\/12\/bolliger_akermann-300x300.png 300w, https:\/\/www.oeffentlichkeitsgesetz.ch\/deutsch\/files\/2019\/12\/bolliger_akermann-768x768.png 768w, https:\/\/www.oeffentlichkeitsgesetz.ch\/deutsch\/files\/2019\/12\/bolliger_akermann-682x682.png 682w\" sizes=\"auto, (max-width: 280px) 100vw, 280px\" \/><\/a><\/td>\n<td><img loading=\"lazy\" decoding=\"async\" class=\"wp-image-14791 size-full alignleft\" src=\"https:\/\/www.oeffentlichkeitsgesetz.ch\/deutsch\/files\/2022\/12\/Wanner_Anna_280X280.png\" alt=\"\" width=\"280\" height=\"280\" srcset=\"https:\/\/www.oeffentlichkeitsgesetz.ch\/deutsch\/files\/2022\/12\/Wanner_Anna_280X280.png 280w, https:\/\/www.oeffentlichkeitsgesetz.ch\/deutsch\/files\/2022\/12\/Wanner_Anna_280X280-150x150.png 150w\" sizes=\"auto, (max-width: 280px) 100vw, 280px\" \/><\/td>\n<\/tr>\n<tr>\n<td>Michael Bolliger, Themenplaner<br \/>\nAbteilung Kultur SRF<\/td>\n<td>\n<div>Anna Wanner Co-Ressortleiterin Inland<br \/>\nCH Media<\/div>\n<\/td>\n<\/tr>\n<tr>\n<td><a href=\"https:\/\/www.oeffentlichkeitsgesetz.ch\/deutsch\/files\/2021\/01\/Nicole-Lamon.jpg\"><img loading=\"lazy\" decoding=\"async\" class=\"alignleft wp-image-12603 size-full\" src=\"https:\/\/www.oeffentlichkeitsgesetz.ch\/deutsch\/files\/2021\/01\/Nicole-Lamon.jpg\" alt=\"\" width=\"280\" height=\"280\" srcset=\"https:\/\/www.oeffentlichkeitsgesetz.ch\/deutsch\/files\/2021\/01\/Nicole-Lamon.jpg 280w, https:\/\/www.oeffentlichkeitsgesetz.ch\/deutsch\/files\/2021\/01\/Nicole-Lamon-150x150.jpg 150w\" sizes=\"auto, (max-width: 280px) 100vw, 280px\" \/><\/a><\/td>\n<td><a href=\"https:\/\/www.oeffentlichkeitsgesetz.ch\/deutsch\/files\/2019\/01\/Rene-Schuhmacher_bearbeitet.gif\"><img loading=\"lazy\" decoding=\"async\" class=\"alignleft size-full wp-image-10260\" src=\"https:\/\/www.oeffentlichkeitsgesetz.ch\/deutsch\/files\/2019\/01\/Rene-Schuhmacher_bearbeitet.gif\" alt=\"\" width=\"280\" height=\"280\" \/><\/a><\/td>\n<\/tr>\n<tr>\n<td>Nicole Lamon, Ressortleiterin Inland<br \/>\nLe Temps<\/td>\n<td>\n<div>Ren\u00e9 Schuhmacher, Verleger<br \/>\nKonsumenteninfo<\/div>\n<\/td>\n<\/tr>\n<tr>\n<td><a href=\"https:\/\/www.oeffentlichkeitsgesetz.ch\/deutsch\/files\/2022\/01\/strebel-3_klein.png\"><img loading=\"lazy\" decoding=\"async\" class=\"alignleft wp-image-13978 size-full\" src=\"https:\/\/www.oeffentlichkeitsgesetz.ch\/deutsch\/files\/2022\/01\/strebel-3_klein.png\" alt=\"\" width=\"280\" height=\"280\" srcset=\"https:\/\/www.oeffentlichkeitsgesetz.ch\/deutsch\/files\/2022\/01\/strebel-3_klein.png 280w, https:\/\/www.oeffentlichkeitsgesetz.ch\/deutsch\/files\/2022\/01\/strebel-3_klein-150x150.png 150w\" sizes=\"auto, (max-width: 280px) 100vw, 280px\" \/><\/a><\/td>\n<td>\n<p><a href=\"https:\/\/www.oeffentlichkeitsgesetz.ch\/deutsch\/files\/2019\/12\/Adrien-Juvet_PT_19.jpg\"><img loading=\"lazy\" decoding=\"async\" class=\"alignleft size-full wp-image-11283\" src=\"https:\/\/www.oeffentlichkeitsgesetz.ch\/deutsch\/files\/2019\/12\/Adrien-Juvet_PT_19.jpg\" alt=\"\" width=\"280\" height=\"280\" srcset=\"https:\/\/www.oeffentlichkeitsgesetz.ch\/deutsch\/files\/2019\/12\/Adrien-Juvet_PT_19.jpg 280w, https:\/\/www.oeffentlichkeitsgesetz.ch\/deutsch\/files\/2019\/12\/Adrien-Juvet_PT_19-150x150.jpg 150w\" sizes=\"auto, (max-width: 280px) 100vw, 280px\" \/><\/a><\/p>\n<\/td>\n<\/tr>\n<tr>\n<td>Dominique Strebel, Chefredaktor<br \/>\nBeobachter<\/td>\n<td>Adrien Juvet, Chefredaktor<br \/>\nBNJ FM<\/td>\n<\/tr>\n<tr>\n<td><img loading=\"lazy\" decoding=\"async\" class=\"size-full wp-image-14808 alignleft\" src=\"https:\/\/www.oeffentlichkeitsgesetz.ch\/deutsch\/files\/2022\/12\/Blick_Portrait_2206-2.png\" alt=\"\" width=\"280\" height=\"280\" srcset=\"https:\/\/www.oeffentlichkeitsgesetz.ch\/deutsch\/files\/2022\/12\/Blick_Portrait_2206-2.png 280w, https:\/\/www.oeffentlichkeitsgesetz.ch\/deutsch\/files\/2022\/12\/Blick_Portrait_2206-2-150x150.png 150w\" sizes=\"auto, (max-width: 280px) 100vw, 280px\" \/><\/td>\n<td><a href=\"https:\/\/www.oeffentlichkeitsgesetz.ch\/deutsch\/files\/2019\/01\/martins-fehr_bearbeitet.gif\"><img loading=\"lazy\" decoding=\"async\" class=\"alignleft size-full wp-image-10259\" src=\"https:\/\/www.oeffentlichkeitsgesetz.ch\/deutsch\/files\/2019\/01\/martins-fehr_bearbeitet.gif\" alt=\"\" width=\"280\" height=\"280\" \/><\/a><\/td>\n<\/tr>\n<tr>\n<td>Serm\u00een Faki, Nachrichtenchefin<br \/>\nCH Media<\/td>\n<td>Martina Fehr, Direktorin MAZ &#8211; Institut f\u00fcr Journalismus und Kommunikation<\/td>\n<\/tr>\n<tr>\n<td><img loading=\"lazy\" decoding=\"async\" class=\"size-full wp-image-14853 alignleft\" src=\"https:\/\/www.oeffentlichkeitsgesetz.ch\/deutsch\/files\/2023\/01\/Mattias_Greuter.png\" alt=\"\" width=\"280\" height=\"280\" srcset=\"https:\/\/www.oeffentlichkeitsgesetz.ch\/deutsch\/files\/2023\/01\/Mattias_Greuter.png 280w, https:\/\/www.oeffentlichkeitsgesetz.ch\/deutsch\/files\/2023\/01\/Mattias_Greuter-150x150.png 150w\" sizes=\"auto, (max-width: 280px) 100vw, 280px\" \/><\/td>\n<td><img loading=\"lazy\" decoding=\"async\" class=\"size-full wp-image-16300 alignleft\" src=\"https:\/\/www.oeffentlichkeitsgesetz.ch\/deutsch\/files\/2023\/12\/LaLiberte_071223AWI_043-280-1.png\" alt=\"\" width=\"280\" height=\"280\" srcset=\"https:\/\/www.oeffentlichkeitsgesetz.ch\/deutsch\/files\/2023\/12\/LaLiberte_071223AWI_043-280-1.png 280w, https:\/\/www.oeffentlichkeitsgesetz.ch\/deutsch\/files\/2023\/12\/LaLiberte_071223AWI_043-280-1-150x150.png 150w\" sizes=\"auto, (max-width: 280px) 100vw, 280px\" \/><\/td>\n<\/tr>\n<tr>\n<td>\n<div>Mattias Greuter, Verlagsleiter und <br \/>\nRedaktor Schaffhauser AZ<\/div>\n<\/td>\n<td>Fran\u00e7ois Mauron, Chefredaktor<br \/>\nLa Libert\u00e9<\/td>\n<\/tr>\n<\/tbody>\n<\/table>\n","protected":false},"excerpt":{"rendered":"<p>&nbsp; Michael Bolliger, Themenplaner Abteilung Kultur SRF Anna Wanner Co-Ressortleiterin Inland CH Media Nicole Lamon, Ressortleiterin Inland Le Temps Ren\u00e9 Schuhmacher, Verleger Konsumenteninfo Dominique Strebel, Chefredaktor Beobachter Adrien Juvet, Chefredaktor BNJ FM Serm\u00een Faki, Nachrichtenchefin CH Media Martina Fehr, Direktorin MAZ &#8211; Institut f\u00fcr Journalismus und Kommunikation Mattias Greuter, Verlagsleiter und Redaktor Schaffhauser AZ Fran\u00e7ois [&hellip;]<\/p>\n","protected":false},"author":12,"featured_media":0,"parent":0,"menu_order":0,"comment_status":"closed","ping_status":"closed","template":"","meta":{"footnotes":""},"class_list":["post-17785","page","type-page","status-publish","hentry"],"_links":{"self":[{"href":"https:\/\/www.oeffentlichkeitsgesetz.ch\/deutsch\/wp-json\/wp\/v2\/pages\/17785","targetHints":{"allow":["GET"]}}],"collection":[{"href":"https:\/\/www.oeffentlichkeitsgesetz.ch\/deutsch\/wp-json\/wp\/v2\/pages"}],"about":[{"href":"https:\/\/www.oeffentlichkeitsgesetz.ch\/deutsch\/wp-json\/wp\/v2\/types\/page"}],"author":[{"embeddable":true,"href":"https:\/\/www.oeffentlichkeitsgesetz.ch\/deutsch\/wp-json\/wp\/v2\/users\/12"}],"replies":[{"embeddable":true,"href":"https:\/\/www.oeffentlichkeitsgesetz.ch\/deutsch\/wp-json\/wp\/v2\/comments?post=17785"}],"version-history":[{"count":1,"href":"https:\/\/www.oeffentlichkeitsgesetz.ch\/deutsch\/wp-json\/wp\/v2\/pages\/17785\/revisions"}],"predecessor-version":[{"id":17786,"href":"https:\/\/www.oeffentlichkeitsgesetz.ch\/deutsch\/wp-json\/wp\/v2\/pages\/17785\/revisions\/17786"}],"wp:attachment":[{"href":"https:\/\/www.oeffentlichkeitsgesetz.ch\/deutsch\/wp-json\/wp\/v2\/media?parent=17785"}],"curies":[{"name":"wp","href":"https:\/\/api.w.org\/{rel}","templated":true}]}}

<p>&nbsp;</p>
<table style="width: 100%">
<tbody>
<tr>
<td><a href="https://www.oeffentlichkeitsgesetz.ch/deutsch/files/2019/12/bolliger_akermann.png"><img loading="lazy" decoding="async" class="alignleft wp-image-11418" src="https://www.oeffentlichkeitsgesetz.ch/deutsch/files/2019/12/bolliger_akermann.png" alt="" width="280" height="280" srcset="https://www.oeffentlichkeitsgesetz.ch/deutsch/files/2019/12/bolliger_akermann.png 840w, https://www.oeffentlichkeitsgesetz.ch/deutsch/files/2019/12/bolliger_akermann-150x150.png 150w, https://www.oeffentlichkeitsgesetz.ch/deutsch/files/2019/12/bolliger_akermann-300x300.png 300w, https://www.oeffentlichkeitsgesetz.ch/deutsch/files/2019/12/bolliger_akermann-768x768.png 768w, https://www.oeffentlichkeitsgesetz.ch/deutsch/files/2019/12/bolliger_akermann-682x682.png 682w" sizes="auto, (max-width: 280px) 100vw, 280px" /></a></td>
<td><img loading="lazy" decoding="async" class="wp-image-14791 size-full alignleft" src="https://www.oeffentlichkeitsgesetz.ch/deutsch/files/2022/12/Wanner_Anna_280X280.png" alt="" width="280" height="280" srcset="https://www.oeffentlichkeitsgesetz.ch/deutsch/files/2022/12/Wanner_Anna_280X280.png 280w, https://www.oeffentlichkeitsgesetz.ch/deutsch/files/2022/12/Wanner_Anna_280X280-150x150.png 150w" sizes="auto, (max-width: 280px) 100vw, 280px" /></td>
</tr>
<tr>
<td>Michael Bolliger, Themenplaner<br />
Abteilung Kultur SRF</td>
<td>
<div>Anna Wanner Co-Ressortleiterin Inland<br />
CH Media</div>
</td>
</tr>
<tr>
<td><a href="https://www.oeffentlichkeitsgesetz.ch/deutsch/files/2021/01/Nicole-Lamon.jpg"><img loading="lazy" decoding="async" class="alignleft wp-image-12603 size-full" src="https://www.oeffentlichkeitsgesetz.ch/deutsch/files/2021/01/Nicole-Lamon.jpg" alt="" width="280" height="280" srcset="https://www.oeffentlichkeitsgesetz.ch/deutsch/files/2021/01/Nicole-Lamon.jpg 280w, https://www.oeffentlichkeitsgesetz.ch/deutsch/files/2021/01/Nicole-Lamon-150x150.jpg 150w" sizes="auto, (max-width: 280px) 100vw, 280px" /></a></td>
<td><a href="https://www.oeffentlichkeitsgesetz.ch/deutsch/files/2019/01/Rene-Schuhmacher_bearbeitet.gif"><img loading="lazy" decoding="async" class="alignleft size-full wp-image-10260" src="https://www.oeffentlichkeitsgesetz.ch/deutsch/files/2019/01/Rene-Schuhmacher_bearbeitet.gif" alt="" width="280" height="280" /></a></td>
</tr>
<tr>
<td>Nicole Lamon, Ressortleiterin Inland<br />
Le Temps</td>
<td>
<div>René Schuhmacher, Verleger<br />
Konsumenteninfo</div>
</td>
</tr>
<tr>
<td><a href="https://www.oeffentlichkeitsgesetz.ch/deutsch/files/2022/01/strebel-3_klein.png"><img loading="lazy" decoding="async" class="alignleft wp-image-13978 size-full" src="https://www.oeffentlichkeitsgesetz.ch/deutsch/files/2022/01/strebel-3_klein.png" alt="" width="280" height="280" srcset="https://www.oeffentlichkeitsgesetz.ch/deutsch/files/2022/01/strebel-3_klein.png 280w, https://www.oeffentlichkeitsgesetz.ch/deutsch/files/2022/01/strebel-3_klein-150x150.png 150w" sizes="auto, (max-width: 280px) 100vw, 280px" /></a></td>
<td>
<p><a href="https://www.oeffentlichkeitsgesetz.ch/deutsch/files/2019/12/Adrien-Juvet_PT_19.jpg"><img loading="lazy" decoding="async" class="alignleft size-full wp-image-11283" src="https://www.oeffentlichkeitsgesetz.ch/deutsch/files/2019/12/Adrien-Juvet_PT_19.jpg" alt="" width="280" height="280" srcset="https://www.oeffentlichkeitsgesetz.ch/deutsch/files/2019/12/Adrien-Juvet_PT_19.jpg 280w, https://www.oeffentlichkeitsgesetz.ch/deutsch/files/2019/12/Adrien-Juvet_PT_19-150x150.jpg 150w" sizes="auto, (max-width: 280px) 100vw, 280px" /></a></p>
</td>
</tr>
<tr>
<td>Dominique Strebel, Chefredaktor<br />
Beobachter</td>
<td>Adrien Juvet, Chefredaktor<br />
BNJ FM</td>
</tr>
<tr>
<td><img loading="lazy" decoding="async" class="size-full wp-image-14808 alignleft" src="https://www.oeffentlichkeitsgesetz.ch/deutsch/files/2022/12/Blick_Portrait_2206-2.png" alt="" width="280" height="280" srcset="https://www.oeffentlichkeitsgesetz.ch/deutsch/files/2022/12/Blick_Portrait_2206-2.png 280w, https://www.oeffentlichkeitsgesetz.ch/deutsch/files/2022/12/Blick_Portrait_2206-2-150x150.png 150w" sizes="auto, (max-width: 280px) 100vw, 280px" /></td>
<td><a href="https://www.oeffentlichkeitsgesetz.ch/deutsch/files/2019/01/martins-fehr_bearbeitet.gif"><img loading="lazy" decoding="async" class="alignleft size-full wp-image-10259" src="https://www.oeffentlichkeitsgesetz.ch/deutsch/files/2019/01/martins-fehr_bearbeitet.gif" alt="" width="280" height="280" /></a></td>
</tr>
<tr>
<td>Sermîn Faki, Nachrichtenchefin<br />
CH Media</td>
<td>Martina Fehr, Direktorin MAZ &#8211; Institut für Journalismus und Kommunikation</td>
</tr>
<tr>
<td><img loading="lazy" decoding="async" class="size-full wp-image-14853 alignleft" src="https://www.oeffentlichkeitsgesetz.ch/deutsch/files/2023/01/Mattias_Greuter.png" alt="" width="280" height="280" srcset="https://www.oeffentlichkeitsgesetz.ch/deutsch/files/2023/01/Mattias_Greuter.png 280w, https://www.oeffentlichkeitsgesetz.ch/deutsch/files/2023/01/Mattias_Greuter-150x150.png 150w" sizes="auto, (max-width: 280px) 100vw, 280px" /></td>
<td><img loading="lazy" decoding="async" class="size-full wp-image-16300 alignleft" src="https://www.oeffentlichkeitsgesetz.ch/deutsch/files/2023/12/LaLiberte_071223AWI_043-280-1.png" alt="" width="280" height="280" srcset="https://www.oeffentlichkeitsgesetz.ch/deutsch/files/2023/12/LaLiberte_071223AWI_043-280-1.png 280w, https://www.oeffentlichkeitsgesetz.ch/deutsch/files/2023/12/LaLiberte_071223AWI_043-280-1-150x150.png 150w" sizes="auto, (max-width: 280px) 100vw, 280px" /></td>
</tr>
<tr>
<td>
<div>Mattias Greuter, Verlagsleiter und <br />
Redaktor Schaffhauser AZ</div>
</td>
<td>François Mauron, Chefredaktor<br />
La Liberté</td>
</tr>
</tbody>
</table>

<p>&nbsp; Michael Bolliger, Themenplaner Abteilung Kultur SRF Anna Wanner Co-Ressortleiterin Inland CH Media Nicole Lamon, Ressortleiterin Inland Le Temps René Schuhmacher, Verleger Konsumenteninfo Dominique Strebel, Chefredaktor Beobachter Adrien Juvet, Chefredaktor BNJ FM Sermîn Faki, Nachrichtenchefin CH Media Martina Fehr, Direktorin MAZ &#8211; Institut für Journalismus und Kommunikation Mattias Greuter, Verlagsleiter und Redaktor Schaffhauser AZ François [&hellip;]</p>
