{"id":10987,"date":"2019-09-06T12:28:02","date_gmt":"2019-09-06T11:28:02","guid":{"rendered":"https:\/\/www.oeffentlichkeitsgesetz.ch\/deutsch\/?page_id=10987"},"modified":"2021-05-13T20:20:06","modified_gmt":"2021-05-13T19:20:06","slug":"impressum","status":"publish","type":"page","link":"https:\/\/www.oeffentlichkeitsgesetz.ch\/deutsch\/impressum\/","title":{"rendered":"Impressum"},"content":{"rendered":"<p><strong>Herausgeber<br \/>\n<\/strong>Verein \u00d6ffentlichkeitsgesetz.ch<\/p>\n<p><strong>Urheberrechte<\/strong><br \/>\nVerein \u00d6ffentlichkeitsgesetz.ch<\/p>\n<p><strong>Fotos<br \/>\n<\/strong>Keystone\/Ringier RDB<\/p>\n<p>Die Urheberrechte der einzelnen Blogbeitr\u00e4ge liegen bei den Autoren und Autorinnen.<\/p>\n<p><strong>Konzeption<\/strong><br \/>\nMartin Stoll<\/p>\n<hr \/>\n<p>&nbsp;<\/p>\n<table class=\"table-impressum\" style=\"margin-top: 29px;\" border=\"0\">\n<tbody>\n<tr>\n<td><a class=\"nobg\" href=\"http:\/\/www.humantools.com\" target=\"_blank\" rel=\"noopener\"><img loading=\"lazy\" decoding=\"async\" class=\"alignnone size-full wp-image-13208\" src=\"https:\/\/www.oeffentlichkeitsgesetz.ch\/deutsch\/files\/2021\/05\/humantools-logo.png\" alt=\"\" width=\"191\" height=\"42\" srcset=\"https:\/\/www.oeffentlichkeitsgesetz.ch\/deutsch\/files\/2021\/05\/humantools-logo.png 382w, https:\/\/www.oeffentlichkeitsgesetz.ch\/deutsch\/files\/2021\/05\/humantools-logo-300x66.png 300w\" sizes=\"auto, (max-width: 191px) 100vw, 191px\" \/><\/a><\/td>\n<td style=\"padding-top: 6px;\">\n<p><strong>Produktion und Technik<\/strong><br \/>\nKaspar L\u00fcthi &#8211; Humantools, <a href=\"http:\/\/www.humantools.com\/\" target=\"_blank\" rel=\"noopener\">www.humantools.com<\/a><\/p>\n<\/td>\n<\/tr>\n<\/tbody>\n<\/table>\n<p>&nbsp;<\/p>\n<table class=\"table-impressum\" border=\"0\">\n<tbody>\n<tr>\n<td><a class=\"nobg\" href=\"http:\/\/www.burodestruct.net\" target=\"_blank\" rel=\"noopener\"><img loading=\"lazy\" decoding=\"async\" class=\"alignnone size-full wp-image-870\" src=\"https:\/\/www.oeffentlichkeitsgesetz.ch\/deutsch\/files\/2011\/05\/burodestruct-neu.png\" alt=\"\" width=\"200\" height=\"64\" \/><\/a><\/td>\n<td style=\"padding-top: 25px;\">\n<p><strong>Design<\/strong><br \/>\nLopetz, b\u00fcro destruct, <a href=\"http:\/\/www.burodestruct.net\" target=\"_blank\" rel=\"noopener\">www.burodestruct.net<\/a><\/p>\n<\/td>\n<\/tr>\n<\/tbody>\n<\/table>\n","protected":false},"excerpt":{"rendered":"<p>Herausgeber Verein \u00d6ffentlichkeitsgesetz.ch Urheberrechte Verein \u00d6ffentlichkeitsgesetz.ch Fotos Keystone\/Ringier RDB Die Urheberrechte der einzelnen Blogbeitr\u00e4ge liegen bei den Autoren und Autorinnen. Konzeption Martin Stoll &nbsp; Produktion und Technik Kaspar L\u00fcthi &#8211; Humantools, www.humantools.com &nbsp; Design Lopetz, b\u00fcro destruct, www.burodestruct.net<\/p>\n","protected":false},"author":1,"featured_media":0,"parent":0,"menu_order":0,"comment_status":"closed","ping_status":"closed","template":"","meta":{"footnotes":""},"class_list":["post-10987","page","type-page","status-publish","hentry"],"_links":{"self":[{"href":"https:\/\/www.oeffentlichkeitsgesetz.ch\/deutsch\/wp-json\/wp\/v2\/pages\/10987","targetHints":{"allow":["GET"]}}],"collection":[{"href":"https:\/\/www.oeffentlichkeitsgesetz.ch\/deutsch\/wp-json\/wp\/v2\/pages"}],"about":[{"href":"https:\/\/www.oeffentlichkeitsgesetz.ch\/deutsch\/wp-json\/wp\/v2\/types\/page"}],"author":[{"embeddable":true,"href":"https:\/\/www.oeffentlichkeitsgesetz.ch\/deutsch\/wp-json\/wp\/v2\/users\/1"}],"replies":[{"embeddable":true,"href":"https:\/\/www.oeffentlichkeitsgesetz.ch\/deutsch\/wp-json\/wp\/v2\/comments?post=10987"}],"version-history":[{"count":3,"href":"https:\/\/www.oeffentlichkeitsgesetz.ch\/deutsch\/wp-json\/wp\/v2\/pages\/10987\/revisions"}],"predecessor-version":[{"id":13209,"href":"https:\/\/www.oeffentlichkeitsgesetz.ch\/deutsch\/wp-json\/wp\/v2\/pages\/10987\/revisions\/13209"}],"wp:attachment":[{"href":"https:\/\/www.oeffentlichkeitsgesetz.ch\/deutsch\/wp-json\/wp\/v2\/media?parent=10987"}],"curies":[{"name":"wp","href":"https:\/\/api.w.org\/{rel}","templated":true}]}}